et i(s) = s**3 + 5*s**2 - 5*s - 4. Determine i(-4).
32
Let p(k) = -13*k**2 + 7*k - 5. Calculate p(1).
-11
Let r(m) = m - 3. Determine r(3).
0
Let z(o) = o**3 - 8*o**2 + 6*o + 4. Calculate z(4).
-36
Let h(j) = j**3 + 12*j**2 + 14*j + 25. What is h(-11)?
-8
Let s(c) = -94*c - 468. Give s(-5).
2
Let x(b) = -7*b - 24. Calculate x(-13).
67
Let p(r) = -r**2 + 15*r - 9. Give p(13).
17
Let t(a) = 11*a - 8. Give t(-3).
-41
Let i(n) = -2*n**2 + 23*n - 59. Give i(9).
-14
Let u(z) = -z**3 + 3*z**2 - 3*z + 3. Give u(2).
1
Let x(a) = 2*a**2 - 9*a + 20. Calculate x(2).
10
Let x(y) = 2*y**3 - 2*y**2 - 3. Calculate x(2).
5
Let p(z) = 32*z - 106. Determine p(6).
86
Let u(f) = -f**3 - 9*f**2 - 8*f + 6. Give u(-8).
6
Let r(u) = u**3 - 9*u**2 + 4*u + 32. Calculate r(8).
0
Let w(r) = -12*r**3 - 2*r**2 - 4*r - 3. What is w(-1)?
11
Let v(k) = -19*k**3 + k**2 + 3*k + 1. Determine v(-1).
18
Let y(o) = 2*o + 34. Determine y(-7).
20
Let p(c) = -c**3 + 6*c**2 + 17*c + 11. What is p(8)?
19
Let v(d) = -3*d + 9. Give v(8).
-15
Let q(d) = -5*d - 6. Determine q(-2).
4
Let a(d) = -39*d**3 + d + 1. Determine a(-1).
39
Let u(b) = 3*b + 5. Give u(4).
17
Let w(i) = 2*i**2 + 47*i + 90. Determine w(-2).
4
Let h(u) = u**2 - 9*u - 9. Give h(9).
-9
Let c(p) = -16*p + 7. Give c(6).
-89
Let v(x) = -x**2 + 11*x - 11. What is v(9)?
7
Let r(n) = -2*n**2 + 47*n. Calculate r(24).
-24
Let q(f) = f**2 + 6*f + 2. Determine q(-5).
-3
Let p(y) = -5*y + 21. Calculate p(3).
6
Let n(y) = -y**3 + 10*y**2 - 15*y - 11. Give n(8).
-3
Let d(z) = -2*z**2 - 13*z + 8. Determine d(-6).
14
Let u(k) = -k**3 - 16*k**2 - 66*k - 22. Determine u(-8).
-6
Let a(f) = f**3 + 5*f**2 + 3*f + 4. Determine a(-4).
8
Let n(y) = -y - 12. What is n(-12)?
0
Let s(m) = m**3 + 9*m**2 + 8*m - 3. Calculate s(-8).
-3
Let h(g) = 4*g**2 + 9*g - 93. What is h(-6)?
-3
Let p(g) = 11*g - 72. What is p(6)?
-6
Let l(r) = -2*r**3 - 12*r**2 - r - 1. Determine l(-6).
5
Let l(j) = -j**3 + 12*j**2 + 24*j + 15. Calculate l(13).
158
Let x(z) = -z**3 + 4*z**2 + z - 4. What is x(3)?
8
Let x(i) = 2*i**3 + 4*i**2 + 3*i + 2. What is x(-2)?
-4
Let z(b) = 2*b**2 - 18. Calculate z(3).
0
Let l(w) = w - 3. What is l(-7)?
-10
Let k(u) = u - 18. What is k(6)?
-12
Let w(u) = -u**3 - u**2 - u - 46. Determine w(0).
-46
Let z(a) = a + 31. Give z(-14).
17
Let n(u) = u**2 + 11*u + 16. Calculate n(-10).
6
Let s(p) = p**3 - 3*p - 2. What is s(-2)?
-4
Let l(h) = h**3 + 18*h**2 + 12*h - 75. Give l(-17).
10
Let n(s) = 3*s + 1. Calculate n(-3).
-8
Let w(b) = b**3 + 7*b**2 - 7*b - 4. Give w(-7).
45
Let z(y) = y**3 - 17*y**2 - 16*y - 12. Give z(18).
24
Let l(j) = -j**2 + 2*j + 1. Give l(-3).
-14
Let v(p) = -2*p - 24. Determine v(-10).
-4
Let n(c) = 17*c + 105. Determine n(-6).
3
Let i(q) = q**3 + 8*q**2 + 7*q - 2. What is i(-5)?
38
Let i(a) = -2*a - 9. Give i(-4).
-1
Let t(v) = -v**3 - 13*v**2 - 10*v + 14. Give t(-12).
-10
Let h(p) = p**3 + 19*p**2 + 6*p + 28. Calculate h(-19).
-86
Let g(v) = v**3 - 4*v**2 - 4*v - 2. Give g(5).
3
Let z(k) = -k**2 - 14*k + 354. What is z(-27)?
3
Let l(q) = 2*q**3 - 21*q**2 + 13*q - 26. Give l(10).
4
Let q(r) = r**3 - 6*r**2 + 9*r + 3. Calculate q(4).
7
Let y(i) = i**2 + 7*i - 6. Calculate y(-9).
12
Let b(u) = 2*u + 26. Give b(6).
38
Let w(r) = 2*r - 41. Calculate w(0).
-41
Let v(y) = 23*y**3 - 2*y**2 - 5*y - 6. Determine v(-2).
-188
Let i(a) = a**3 - 5*a**2 - 6*a - 15. Determine i(7).
41
Let c(y) = y**3 + 6*y**2 + 4*y + 5. Calculate c(-3).
20
Let f(v) = -11*v + 2. Give f(2).
-20
Let c(j) = -j**2 - 8*j + 54. Calculate c(-12).
6
Let b(o) = -o**3 + 7*o**2 - 16*o + 22. Determine b(5).
-8
Let y(t) = t**3 - 8*t**2 + 8*t + 3. Give y(6).
-21
Let b(i) = -i**2 - 6*i + 4. Give b(-6).
4
Let w(n) = 2*n - 6. What is w(-2)?
-10
Let p(d) = d**3 - 32*d**2 - d + 33. Determine p(32).
1
Let z(n) = 2*n**3 - 25*n**2 - 11*n - 32. Give z(13).
-6
Let u(k) = 10*k**2 + 2*k. What is u(-2)?
36
Let u(k) = 6*k + 7. Calculate u(-1).
1
Let d(u) = u**3 - 5*u**2 - 8*u + 13. Calculate d(6).
1
Let y(j) = -6*j**3 + j**2 + 3*j - 3. What is y(1)?
-5
Let x(q) = -2*q**2 - 38*q - 189. What is x(-11)?
-13
Let z(x) = 2*x**3 + 42*x**2 + 2*x + 12. Determine z(-21).
-30
Let g(s) = 9*s - 10. Calculate g(7).
53
Let c(p) = -p**3 - 17*p**2 + 17*p - 9. Determine c(-18).
9
Let i(p) = 6*p**3 + p**2 - 3*p - 4. Give i(-2).
-42
Let j(k) = k**3 + k - 7. What is j(0)?
-7
Let r(w) = 4*w**2 + 2*w. Determine r(-2).
12
Let u(g) = 12*g - 124. Give u(10).
-4
Let f(t) = -t**3 - 3*t**2 + 4*t + 1. Determine f(-4).
1
Let t(c) = c**3 - 13*c**2 + 14*c - 16. What is t(12)?
8
Let v(b) = -2*b**2 - 106*b + 975. What is v(-61)?
-1
Let p(g) = g**3 + 3*g**2 - 3*g + 5. Calculate p(-4).
1
Let j(m) = -m**3 - 17*m**2 - m - 5. Give j(-17).
12
Let b(d) = -d**2 - 10*d + 17. Calculate b(-11).
6
Let r(q) = q**3 + 12*q**2 + 8*q - 14. Calculate r(-11).
19
Let o(l) = -4*l**2 + 2*l - 1. What is o(1)?
-3
Let o(t) = t + 4. Calculate o(-6).
-2
Let o(t) = -2*t**2 - 11*t + 5. Give o(-6).
-1
Let h(i) = 2*i + 36. What is h(0)?
36
Let j(k) = -2*k**2 + 12*k - 14. Calculate j(6).
-14
Let j(q) = q + 72. Give j(0).
72
Let c(k) = -k**2 - 8*k - 12. Give c(-6).
0
Let f(r) = r**2 - 16*r - 9. Determine f(15).
-24
Let y(i) = -7*i - 15. Calculate y(4).
-43
Let q(v) = -v**2 + 17*v - 71. Give q(12).
-11
Let y(n) = 2*n**2 - 9*n + 6. Determine y(3).
-3
Let t(a) = a**2 + 4*a - 3. Determine t(-3).
-6
Let f(p) = 81*p + 5. Calculate f(-1).
-76
Let h(p) = p**2 + 3*p - 10. Calculate h(-9).
44
Let b(m) = -15*m + 6. Calculate b(1).
-9
Let q(h) = -3*h**2 + 6*h + 36. Give q(-7).
-153
Let a(s) = 2*s - 7. Give a(6).
5
Let y(p) = 2*p**2 + 16*p - 7. Give y(-10).
33
Let b(f) = f + 17. Determine b(-9).
8
Let i(s) = -s**3 - s**2 + 2*s - 12. What is i(-4)?
28
Let n(s) = -18*s + 152. What is n(9)?
-10
Let d(y) = -2*y + 12. Give d(3).
6
Let k(s) = s**3 - 5*s**2 + 6*s - 3. Give k(2).
-3
Let h(i) = i**3 - 34*i**2 + 5*i - 171. Give h(34).
-1
Let q(w) = w**3 + 10*w**2 + 4*w - 40. Determine q(-9).
5
Let w(x) = 5*x**2 + 2*x + 1. Give w(-2).
17
Let k(z) = 2*z**3 + 6*z**2 - 3*z + 3. What is k(-3)?
12
Let g(c) = c**3 + 5*c**2 + c + 2. What is g(-3)?
17
Let d(t) = 15*t + 88. What is d(-7)?
-17
Let t(o) = -19*o. What is t(2)?
-38
Let g(u) = 7*u - 77. Calculate g(-8).
-133
Let z(k) = -k - 8. Calculate z(-12).
4
Let o(u) = 3*u - 3. Determine o(8).
21
Let c(o) = o**2 - 19*o - 33. Give c(21).
9
Let c(q) = -11*q + 8. Calculate c(4).
-36
Let r(v) = -4*v. Determine r(9).
-36
Let c(r) = r**3 + r**2 + 3*r - 15. Determine c(0).
-15
Let k(z) = z**2 - 2*z - 7. Calculate k(10).
73
Let o(g) = 2*g**3 + 12*g**2 + 2*g + 11. What is o(-6)?
-1
Let l(u) = u**3 - 13*u**2 - 11*u - 33. Determine l(14).
9
Let k(y) = y**3 + 8*y**2 - 11*y - 12. Calculate k(-9).
6
Let w(z) = -3*z + 15. Determine w(-11).
48
Let m(z) = z**2 - 5*z - 29. Give m(-4).
7
Let x(i) = -9*i**2 - 3*i + 3. Determine x(1).
-9
Let g(t) = t**2 - 10*t - 12. What is g(10)?
-12
Let w(k) = k**3 - 2*k**2 + 4*k - 4. Determine w(2).
4
Let h(u) = -5*u**3 - 47*u**2 - 13*u + 2. Calculate h(-9).
-43
Let d(w) = w**3 + 4*w**2 + 3*w + 5. Calculate d(-3).
5
Let y(i) = -2*i - 7. Determine y(-6).
5
Let h(p) = 3*p**2 + 140*p - 53. Calculate h(-47).
-6
Let l(k) = 10*k**2 + 97*k - 30. What is l(-10)?
0
Let v(y) = -32*y - 169. Give v(-5).
-9
Let q(v) = -3*v**2 - 14*v + 14. What is q(-6)?
-10
Let v(z) = z**3 - 2*z**2 - z - 4. Determine v(3).
2
Let w(i) = 14*i + 58. What is w(-6)?
-26
Let p(g) = -39*g + 1. What is p(-1)?
40
Let q(o) = -o**3 - 2*o**2 + 9*o + 19. Calculate q(-3).
1
Let x(q) = 14*q**2 + 6*q - 9. Determine x(1).
11
Let v(h) = -4*h - 78. Determine v(-19).
-2
Let d(c) = 2*c**2 - 28*c + 18. Give d(14).
18
Let h(l) = -2*l**2 - 14*l - 14. Give h(-2).
6
Let g(u) = 5*u**2 - 22*u - 7. Determine g(5).
8
Let y(k) = -k**2 + 24*k - 28. What is y(23)?
-5
Let l(s) = s**2 + 8*s - 8. Determine l(-8).
-8
Let c(a) = a**3 - a**2 - 28. Determine c(0).
-28
Let n(v) = -v**3 + 2*v - 1. Calculate n(0).
-1
Let m(l) = -4*l**2 + 133*l - 39. What is m(33)?
-6
Let b(c) = -7*c**2 - 12*c - 12. Determine b(-1).
-7
Let v(t) = -2*t**3 + 2*t**2 + 4*t + 8. Give v(3).
-16
Let f(t) = -5*t + 70. What is f(17)?
-15
Let g(b) = -b**3 + b**2 - 3*b - 3. What is g(4)?
-63
Let m(v) = -7*v + 10. Determine m(7).
-39
Let j(o) = 2*o + 12. Determine j(19).
50
Let d(x) = -13*x + 4. What is d(1)?
-9
